
What is 2 + (1 - (0 + 5 - 3))?
1
0 - (0 - (2 - -1) - -1)
2
What is 10 + -5 + -2 - 4?
-1
Evaluate 2 + (2 - -1) - 6.
-1
Calculate 3 + 2 + (2 - 2).
5
Calculate (-16 - (10 + -29)) + 0 + -9.
-6
Calculate -4 - (1 - 2) - 0.
-3
Evaluate -2 + -1 - (-6 + 4).
-1
What is -2 - (1 - 5) - -2?
4
What is the value of (3 + -1 - 2) + -5?
-5
What is the value of -10 - ((-27 - -11) + 8)?
-2
(-5 + 16 - 8) + (3 - 1)
5
Evaluate 0 + (8 - 7 - 2 - 3).
-4
Evaluate (-7 - (4 - 13)) + -7.
-5
Evaluate 7 + -6 - (6 + -2).
-3
(4 - (5 - 5)) + (-3 - -1)
2
Calculate (-2 - -3) + -1 - (-3 + 8).
-5
What is 0 - 2 - (-3 + -1 + 4)?
-2
What is (12 - (7 - 2)) + -4?
3
(-1 - (0 + -2)) + (3 - 3)
1
What is 3 + (4 - -1 - 13)?
-5
Calculate 2 - (5 - 9 - 0).
6
Calculate 4 + (-2 + 0 - 4 - -1).
-1
Calculate 5 + 12 + -19 + -2 + 3.
-1
What is the value of -1 - ((4 + -4 - -1) + 1)?
-3
(5 - 4) + 2 + -6
-3
What is 17 + -12 + (-7 - 0) + 2?
0
What is -3 - (-3 + (0 - 0) + 8)?
-8
3 - 3 - (-6 + 0)
6
Evaluate -4 - (0 + -3 + 2 - 1).
-2
Evaluate -1 + 8 - (2 - 4 - -3).
6
What is the value of -2 + -2 + 1 + (3 - 1)?
-1
Evaluate 1 + (-4 - (2 + -5) - 5).
-5
What is the value of (1 - 3) + 5 + (-96 - -96)?
3
What is the value of 4 + -3 + 3 + (-10 - -6)?
0
What is the value of 3 + (0 + 1 - -2 - 9)?
-3
Calculate -5 + -1 + (3 - 5) + 3.
-5
Calculate -1 - 0 - (25 - 23).
-3
What is the value of 2 - (10 + -5 - -1)?
-4
What is the value of (1 - 0) + 2 + 2?
5
10 + (0 - 6) + 0
4
What is -15 + 21 - (1 - 0)?
5
Evaluate -2 + -6 + 5 + 14.
11
-4 + 0 - (-66 - -63)
-1
What is the value of 2 + -3 - (-13 - -15)?
-3
Evaluate 3 + 0 + (5 + -14 - -3).
-3
What is -2 + (-7 - -5) - -4?
0
What is the value of 2 + (4 + 1 - 2)?
5
Evaluate -1 + 1 + 6 + -4 + 0.
2
What is -2 - (-1 - 0) - (-30 - -27)?
2
-4 + -12 + 6 - -5
-5
What is the value of 20 - (10 + 0 + 0)?
10
(4 - 8 - -4) + 3
3
What is the value of (5 - 1 - (16 + -13)) + 4?
5
Calculate 3 + 1 + (4 - 2) + 0.
6
What is the value of 4 - (0 - -1 - (0 - -2))?
5
Evaluate 0 - 1 - 5 - (-3 - -1).
-4
0 + (-6 - -7) + -2 + 5
4
Evaluate 7 - (8 - (13 + -5)).
7
Evaluate (8 - 4) + -4 + -7 + 11.
4
Evaluate 4 + (3 - 10) + (-1 - -3).
-1
Calculate 1 + (1 - (-3 - -3)).
2
What is 3 + -5 - (-2 + 2)?
-2
What is -3 - 1 - (4 - (8 + 1))?
1
What is (-1 - (-4 - -1)) + (-36 - -36)?
2
What is the value of 0 + (7 - (2 + 5))?
0
What is the value of (-14 - -15) + 1 + 4?
6
0 - 2 - (-4 + 12 - 7)
-3
-4 + 10 + (0 - 2)
4
Evaluate 6 + -2 - ((0 - -6) + 6).
-8
Calculate -2 + 1 + 7 + 4 + -17.
-7
(-2 + 0 - (-2 - -2)) + 5
3
What is -6 + (-1 - 1 - (-3 + -6))?
1
What is the value of 10 + 0 + -2 + 2 + -6?
4
(5 - 0) + -5 - 3
-3
-2 - (1 + -1 + -1 + 1)
-2
Calculate 4 + (-3 + -1 - -6) + 1.
7
What is -2 - (-5 + 3) - -1?
1
What is the value of 2 + -2 + 0 + -6 + 4?
-2
(-11 - -16) + (-1 - 2)
2
Calculate 5 - 1 - (21 + -16).
-1
Calculate -5 + (-6 - -7) - -16 - 7.
5
Evaluate 3 + (1 - 0) + -1.
3
0 - 1 - -1 - (4 - 1)
-3
Evaluate (10 - 3) + 1 + -4 + 1.
5
What is the value of -3 + 2 + -1 + -1?
-3
What is the value of 2 - (12 + -6) - (3 + -2)?
-5
What is the value of -30 + 26 - (-3 + 1 + -2)?
0
What is (2 - 10) + (4 - (-6 + 5))?
-3
What is -3 + 2 - (-3 + -3 + 1)?
4
What is 1 - (-3 + 3) - 3?
-2
What is -2 - (-11 - (-4 + -2 + 4))?
7
Calculate 10 + (-10 - (-3 - 1)).
4
What is -5 + 0 + (-1 - 0) + 3?
-3
Evaluate 7 - 6 - (-6 + -5 - -5).
7
Calculate 7 + -11 - (-6 + 1).
1
Evaluate -2 - 7 - (4 - (11 + -6)).
-8
-7 + (2 - -3) - 2
-4
Evaluate (-4 - -1) + 8 - 3.
2
What is 42 + -44 + (13 - 2)?
9
Calculate 5 + (-4 - 0 - -5).
6
Calculate 3 + (-2 + -5 - 1).
-5
Calculate -11 - -4 - (36 + -40).
-3
3 - (0 + 5) - (5 - 8)
1
What is (1 - (-4 + 5)) + 0?
0
What is the value of -4 - (3 + 0 - 8)?
1
What is -1 + (1 - (-7 + 2))?
5
What is -3 + 4 - 4 - -2?
-1
What is -6 + 2 - (14 + -13)?
-5
What is -2 + (-6 - (-15 - -5))?
2
Evaluate 5 + (-1 - (7 + -5)) - 2.
0
-7 + 1 + -1 + 3
-4
Evaluate -7 - (-1 + 0) - -11.
5
Calculate (3 + 1 - -3) + (-2 - 0).
5
6 + 1 + -11 + 1 - 0
-3
What is (22 + -12 - 5) + 3?
8
What is 2 + -5 + (-9 - -22)?
10
Calculate -7 - -1 - (-42 - -40).
-4
What is the value of -2 - ((-7 - -4) + 1)?
0
Evaluate 6 - (11 - 4 - (5 + -2)).
2
Evaluate 12 - (3 + 8 + 8).
-7
What is (3 - 5) + 2 - (8 + -9)?
1
Calculate -4 - (-4 + (-11 - -4) - -7).
0
What is the value of -6 - (-4 + (-3 - 0))?
1
What is the value of (-8 - -1) + -4 - -17?
6
Evaluate -10 + (6 - (0 + -2)).
-2
Calculate -2 + (-6 - (-4 - (-2 + 1))).
-5
1 + 1 + 0 + (11 - 17)
-4
Calculate -13 - (-2 - (0 + 6)).
-5
Calculate -7 - -4 - (-4 - (2 + 0)).
3
Evaluate -2 + -7 - (-6 + 2).
-5
What is the value of -11 + 0 + 10 + 0?
-1
What is (-11 - (-27 - -9)) + -1?
6
Calculate -5 - (-6 + (-2 - -3) - -2).
-2
Calculate (16 + -4 - 22) + 0.
-10
Evaluate -1 - 1 - (11 + (-12 - -8)).
-9
Evaluate 11 + (-1 - -10 - 28).
-8
-3 - ((-10 - -8) + 6)
-7
What is the value of ((2 - 12) + 4 - -2) + 8?
4
(-3 - ((-8 - -3) + -3)) + -1
4
What is 2 + -11 - -2 - -7?
0
What is the value of 4 - (3 - (1 - (2 - 1)))?
1
What is the value of -11 + 15 + 1 + -5 - -4?
4
(-4 - -3) + -7 - -8
0
Evaluate (6 - (-1 + 15)) + 0.
-8
5 + (-16 - -2) + 4
-5
Evaluate 0 + 0 - (0 + (1 - 2)).
1
Calculate -8 + (9 - 5) + 1.
-3
-3 - ((-3 - -9) + -3)
-6
-4 + 6 + -10 + 8
0
What is the value of (2 - (-6 - -6)) + -6 - 2?
-6
What is the value of 0 + (7 - 3) - 3?
1
Evaluate 12 + -2 + (67 - 75).
2
What is the value of -2 + -3 + 3 + 10 + -6?
2
Calculate 5 + -4 + (6 - 1).
6
Calculate 13 - 11 - (1 - -4).
-3
What is 6 + 12 + 8 + -23?
3
Evaluate 5 + -14 + 10 - (0 + -4).
5
(-1 - 1) + 8 + -21 + 13
-2
Calculate 7 - (3 + -5 + 4 + 5).
0
What is -1 - (-1 + (-6 - (-4 - -1)))?
3
What is the value of -1 + 2 + (-2 + -1 - 0)?
-2
What is the value of -31 + 38 - (19 + (-7 - -3))?
-8
What is the value of (-19 - (-11 + 4)) + (4 - -4)?
-4
What is the value of -2 - (7 + -4 + -2 + -8)?
5
Evaluate 7 - 1 - (17 + 0 - 13).
2
What is 3 - (-7 - (-20 + 7 + 6))?
3
What is the value of (12 - 24 - -6) + (-2 - -6)?
-2
What is 1 + 1 - (-51 + 54)?
-1
(-12 - -4) + -2 + 10
0
Evaluate 2 + -3 - (-4 - 2 - -2).
3
Evaluate -1 - ((2 - 3) + 1 + -3).
2
What is (-2 - -8) + -9 - 1?
-4
Calculate (-1 - (-2 - -2)) + (4 - -3).
6
What is (-4 - 0 - 4) + 4?
-4
What is (1 - -3) + (-7 - -4)?
1
-2 + 3 + -4 + -2
-5
Evaluate -3 + 0 - (-31 + 33).
-5
0 - -7 - (-3 + 8)
2
13 - 26 - -2 - -1
-10
-3 - (11 + -6 + -8)
0
-1 + 0 - (30 + -26) - -4
-1
Calculate 1 + 4 + -5 + -5.
-5
Evaluate 1 + -1 - (-35 + 34).
1
What is the value of 4 - (4 - (-1 - -1))?
0
Evaluate 2 + 6 - (-21 + 25).
4
What is (2 - 6 - (-16 - -5)) + -2?
5
-5 + 8 - 6 - -10
7
What is 4 - (-1 + 0 + (16 - 16))?
5
Evaluate -2 - (-7 - -10 - (1 - -5)).
1
What is the value of -6 - -3 - (1 + 0)?
-4
Calculate (-10 - -13) + -4 + (1 - 3).
-3
Evaluate -2 + (4 - (-2 + 6) - -1).
-1
Evaluate (-5 - -16) + -21 + -1 + 3.
-8
Evaluate -5 - -8 - (-3 - 2).
8
5 + 3 + -11 + 0 + 3
0
Evaluate -17 + (17 + -8 - -1).
-7
What is -2 - (-7 - 0) - (-1 + 1)?
5
What is the value of 1 + 2 - (3 - -5)?
-5
What is 1 + 0 + -14 - -10?
-3
What is 0 + (-2 - (3 + -2 - -2))?
-5
What is (-9 + 5 - 0) + -1?
-5
Evaluate (-1 - (9 + -5)) + 1.
-4
6 + -8 - (6 - 10)
2
What is the value of 0 - (1 - -2 - (2 - 0))?
-1
What is (-1 - -3) + (-9 - -11)?
4
Evaluate 0 + -7 + -36 + 38.
-5
What is (0 - 10) + 7 - (3 - -1)?
-7
What is -2 + (6 + -3 - (0 - 2))?
3
1 - 4 - (2 - (-2 - -12))
5
0 + (-4 + 1 - (-7 - -4))
0
What is -1 + 5 - (25 + -18)?
-3
Evaluate 3 - (2 - (0 + 1)) - -3.
5
What is the value of -7 - (4 - (6 + 2) - 6)?
3
Evaluate -3 - (3 + (-2 - 0) + -2).
-2
Calculate 1 - (2 + (-1 - 4)).
4
What is -4 - ((-2 - 0) + 14 + -9)?
-7
What is the value of 9 - (19 + -2 + -10)?
2
What is the value of 2 - (2 - (4 - 1)) - 6?
-3
What is the value of 5 + (-2 - 1) + -2 + 0?
0
What is 4 - (-4 - -1 - -4)?
3
Calculate -1 - 1 - (-5 + (2 - 3)).
4
What is (-1 - -9) + -4 + (6 - 4)?
6
What is -2 + 5 - 2 - (0 - -4)?
-3
-2 + 1 + 0 + (-7 - -1)
-7
What is -1 - (-7 + 3 - 2)?
5
4 + (1 + 0 + -1 - 1)
3
8 + -3 + (6 - (3 + 0))
8
-4 + 7 + (-3 + -3 - -2)
-1
What is 21 + -29 + 1 + 2?
-5
What is the value of 11 + -14 + (-1 - 0)?
-4
Evaluate -1 - ((-14 - -6) + 2).
5
What is the value of -6 + 0 - (1 + (-12 - -7))?
-2
Calculate 5 - (-5 - -1 - (-5 + -2)).
2
Evaluate 12 - 19 - (-3 + (4 - 3)).
-5
Evaluate (-5 - -11) + 2 - 5 - -1.
4
Calculate -6 + (4 + 1 - -1) + -6.
-6
7 + (-3 - 0) + -5
-1
9 - 0 - (-26 +